{"id":451,"date":"2021-04-15T08:39:25","date_gmt":"2021-04-15T08:39:25","guid":{"rendered":"https:\/\/www.comidadivertida.pt\/?post_type=product&#038;p=451"},"modified":"2021-05-17T10:16:35","modified_gmt":"2021-05-17T10:16:35","slug":"wraps-seeds-sunflower-zanuy-6-und-95g","status":"publish","type":"product","link":"https:\/\/piquepoque.com\/demo\/produto\/wraps-seeds-sunflower-zanuy-6-und-95g\/","title":{"rendered":"Wraps Sunflower Seeds"},"content":{"rendered":"<ul>\n<li><em>Wraps<\/em> com Sementes de Girassol.<\/li>\n<li>Emb. 6un.<\/li>\n<li>Embalagem c\/abertura e fecho f\u00e1cil, para melhor conserva\u00e7\u00e3o.<\/li>\n<li>Apto para congela\u00e7\u00e3o.<\/li>\n<li>Elaborados com preocupa\u00e7\u00f5es ambientais, a partir de energia solar.<\/li>\n<li>Adequado para dieta: Vegetariana.<\/li>\n<\/ul>\n<p>&nbsp;<\/p>\n<p>&nbsp;<\/p>\n","protected":false},"excerpt":{"rendered":"<p>WRAPS COM SEMENTES DE GIRASSOL<\/p>\n<p>Emb. 6un.<\/p>\n","protected":false},"featured_media":450,"comment_status":"open","ping_status":"closed","template":"","meta":[],"product_brand":[],"product_cat":[25],"product_tag":[],"class_list":{"0":"post-451","1":"product","2":"type-product","3":"status-publish","4":"has-post-thumbnail","6":"product_cat-fun-well","8":"first","9":"instock","10":"shipping-taxable","11":"purchasable","12":"product-type-simple"},"_links":{"self":[{"href":"https:\/\/piquepoque.com\/demo\/wp-json\/wp\/v2\/product\/451","targetHints":{"allow":["GET"]}}],"collection":[{"href":"https:\/\/piquepoque.com\/demo\/wp-json\/wp\/v2\/product"}],"about":[{"href":"https:\/\/piquepoque.com\/demo\/wp-json\/wp\/v2\/types\/product"}],"replies":[{"embeddable":true,"href":"https:\/\/piquepoque.com\/demo\/wp-json\/wp\/v2\/comments?post=451"}],"wp:featuredmedia":[{"embeddable":true,"href":"https:\/\/piquepoque.com\/demo\/wp-json\/wp\/v2\/media\/450"}],"wp:attachment":[{"href":"https:\/\/piquepoque.com\/demo\/wp-json\/wp\/v2\/media?parent=451"}],"wp:term":[{"taxonomy":"product_brand","embeddable":true,"href":"https:\/\/piquepoque.com\/demo\/wp-json\/wp\/v2\/product_brand?post=451"},{"taxonomy":"product_cat","embeddable":true,"href":"https:\/\/piquepoque.com\/demo\/wp-json\/wp\/v2\/product_cat?post=451"},{"taxonomy":"product_tag","embeddable":true,"href":"https:\/\/piquepoque.com\/demo\/wp-json\/wp\/v2\/product_tag?post=451"}],"curies":[{"name":"wp","href":"https:\/\/api.w.org\/{rel}","templated":true}]}}